 14?
-1
d (base 14) to base 2
1101
-1 (base 14) to base 4
-1
Convert c (base 13) to base 7.
15
Convert 20 (base 3) to base 10.
6
Convert -1a6 (base 13) to base 11.
-258
Convert 20 (base 10) to base 9.
22
What is -1 (base 3) in base 5?
-1
What is 13 (base 6) in base 9?
10
0 (base 5) to base 14
0
What is 9 (base 14) in base 3?
100
1 (base 6) to base 11
1
What is 4 (base 11) in base 4?
10
What is 3213 (base 4) in base 9?
276
What is -7 (base 11) in base 15?
-7
-101 (base 3) to base 9
-11
What is -45 (base 6) in base 7?
-41
What is 103 (base 7) in base 4?
310
-101 (base 2) to base 14
-5
What is -20 (base 3) in base 8?
-6
Convert 1042 (base 5) to base 3.
12110
5 (base 13) to base 15
5
-2 (base 16) to base 9
-2
Convert 6 (base 8) to base 4.
12
What is -32 (base 12) in base 9?
-42
Convert -b (base 15) to base 8.
-13
Convert -55 (base 7) to base 8.
-50
Convert 3 (base 8) to base 3.
10
185 (base 11) to base 16
d6
Convert 4 (base 12) to base 14.
4
10 (base 7) to base 15
7
-2a (base 12) to base 9
-37
Convert -1 (base 11) to base 5.
-1
Convert -42 (base 6) to base 12.
-22
What is 212 (base 7) in base 16?
6b
Convert 7 (base 13) to base 12.
7
What is -2021 (base 3) in base 11?
-56
19 (base 13) to base 16
16
What is -a (base 16) in base 8?
-12
What is 3 (base 4) in base 14?
3
What is -102 (base 3) in base 5?
-21
-1 (base 7) to base 3
-1
Convert -2 (base 4) to base 7.
-2
Convert 0 (base 5) to base 10.
0
Convert -3 (base 15) to base 9.
-3
Convert 1511 (base 6) to base 12.
297
Convert 5 (base 16) to base 13.
5
What is 3 (base 7) in base 14?
3
What is -111212 (base 3) in base 2?
-101110110
-510 (base 7) to base 4
-3330
-37 (base 14) to base 2
-110001
Convert -b (base 16) to base 15.
-b
2 (base 12) to base 7
2
Convert -101 (base 3) to base 8.
-12
-45 (base 10) to base 11
-41
What is -64 (base 11) in base 4?
-1012
-12121 (base 3) to base 6
-411
3 (base 6) to base 14
3
Convert -3 (base 6) to base 15.
-3
Convert -108 (base 9) to base 15.
-5e
What is 1 (base 15) in base 11?
1
1001010 (base 2) to base 16
4a
Convert e9 (base 16) to base 2.
11101001
-4a (base 12) to base 2
-111010
100 (base 3) to base 12
9
What is 51 (base 15) in base 7?
136
Convert -99 (base 11) to base 9.
-130
What is -22 (base 3) in base 14?
-8
What is -32 (base 13) in base 10?
-41
-1 (base 6) to base 4
-1
Convert -12 (base 8) to base 13.
-a
What is 1010 (base 2) in base 3?
101
Convert -11 (base 13) to base 14.
-10
Convert 1000 (base 3) to base 8.
33
Convert -311 (base 4) to base 16.
-35
What is -10011 (base 4) in base 12?
-199
Convert -1 (base 6) to base 8.
-1
-134 (base 10) to base 7
-251
-11 (base 2) to base 4
-3
What is 9 (base 11) in base 3?
100
Convert 4a (base 13) to base 4.
332
-4 (base 12) to base 10
-4
Convert 21 (base 5) to base 16.
b
What is 1 (base 13) in base 10?
1
Convert -33 (base 10) to base 13.
-27
What is 0 (base 14) in base 13?
0
What is 41 (base 7) in base 15?
1e
Convert 3 (base 9) to base 4.
3
Convert -1 (base 10) to base 11.
-1
What is -331 (base 4) in base 13?
-49
0 (base 14) to base 11
0
Convert -100 (base 2) to base 6.
-4
Convert -441 (base 6) to base 13.
-100
Convert -5 (base 15) to base 14.
-5
-3 (base 11) to base 9
-3
Convert -3 (base 10) to base 6.
-3
Convert 4 (base 16) to base 11.
4
-99 (base 12) to base 13
-90
-1b (base 14) to base 9
-27
Convert -3 (base 7) to base 5.
-3
20 (base 10) to base 16
14
What is -3 (base 8) in base 2?
-11
What is -1 (base 3) in base 10?
-1
What is 15 (base 7) in base 2?
1100
Convert 3 (base 6) to base 9.
3
Convert -111010 (base 2) to base 16.
-3a
-30 (base 6) to base 10
-18
What is -14 (base 6) in base 2?
-1010
-1b5 (base 13) to base 4
-10331
What is 1b (base 12) in base 9?
25
-18 (base 16) to base 4
-120
-17 (base 13) to base 3
-202
159 (base 13) to base 10
243
Convert -11 (base 16) to base 11.
-16
What is 6 (base 11) in base 15?
6
25 (base 9) to base 4
113
What is -278 (base 10) in base 13?
-185
Convert 0 (base 9) to base 13.
0
-1132 (base 4) to base 15
-64
-12 (base 10) to base 7
-15
What is -1100 (base 2) in base 10?
-12
Convert 14 (base 10) to base 4.
32
-a (base 11) to base 8
-12
What is 5 (base 7) in base 15?
5
What is 11 (base 9) in base 5?
20
4 (base 6) to base 8
4
What is -27 (base 14) in base 2?
-100011
Convert -10001 (base 2) to base 7.
-23
What is -100 (base 2) in base 14?
-4
What is 301 (base 4) in base 11?
45
Convert 3 (base 11) to base 9.
3
Convert -4d (base 15) to base 7.
-133
What is 21 (base 12) in base 16?
19
What is -21201 (base 3) in base 9?
-251
Convert 1141 (base 5) to base 4.
2223
Convert 162 (base 7) to base 8.
135
Convert 255 (base 6) to base 7.
212
Convert -1 (base 14) to base 13.
-1
-10 (base 4) to base 5
-4
What is 4 (base 11) in base 8?
4
2 (base 13) to base 5
2
What is -58 (base 14) in base 16?
-4e
Convert -101 (base 6) to base 11.
-34
Convert 32 (base 7) to base 10.
23
What is -1012 (base 3) in base 13?
-26
2 (base 15) to base 10
2
What is 13 (base 5) in base 16?
8
Convert 1 (base 13) to base 9.
1
What is -10101 (base 2) in base 7?
-30
Convert -1451 (base 6) to base 3.
-112111
What is -a (base 16) in base 13?
-a
What is 562 (base 8) in base 13?
226
What is -11 (base 8) in base 5?
-14
c (base 15) to base 9
13
Convert -13 (base 14) to base 16.
-11
Convert -110 (base 2) to base 7.
-6
Convert 0 (base 4) to base 12.
0
Convert -342 (base 6) to base 4.
-2012
89 (base 10) to base 9
108
What is 11 (base 4) in base 2?
101
What is 61 (base 7) in base 10?
43
What is 10 (base 2) in base 6?
2
Convert -1121 (base 3) to base 2.
-101011
-4 (base 7) to base 11
-4
What is 2201 (base 3) in base 9?
81
Convert 3 (base 5) to base 2.
11
-1120 (base 6) to base 2
-100001000
What is -1 (base 4) in base 3?
-1
0 (base 9) to base 16
0
What is 363 (base 9) in base 8?
454
What is -2 (base 8) in base 2?
-10
2000 (base 4) to base 10
128
Convert 7 (base 10) to base 5.
12
What is -4 (base 16) in base 7?
-4
What is 104 (base 5) in base 7?
41
What is -13 (base 15) in base 5?
-33
Convert 14d (base 15) to base 3.
102001
Convert 14 (base 9) to base 10.
13
What is 6 (base 10) in base 16?
6
What is 12 (base 8) in base 12?
a
-21 (base 15) to base 3
-1011
What is 155 (base 7) in base 9?
108
-75 (base 10) to base 3
-2210
Convert -114 (base 5) to base 16.
-22
Convert 115 (base 7) to base 12.
51
-16 (base 14) to base 2
-10100
-4 (base 8) to base 12
-4
What is 4 (base 16) in base 8?
4
Convert 1202 (base 3) to base 14.
35
-212 (base 6) to base 5
-310
14 (base 16) to base 13
17
11 (base 2) to base 11
3
What is -43 (base 6) in base 7?
-36
Convert 1 (base 10) to base 2.
1
Convert -5 (base 15) to base 9.
-5
Convert 2 (base 13) to base 3.
2
-2211 (base 4) to base 2
-10100101
-2 (base 3) to base 12
-2
What is 223 (base 5) in base 7?
120
-17 (base 16) to base 8
-27
What is -2232 (base 4) in base 9?
-213
Convert -2 (base 9) to base 15.
-2
What is 3 (base 5) in base 15?
3
Convert 2202 (base 4) to base 12.
116
-54 (base 10) to base 4
-312
Convert 53 (base 6) to base 4.
201
What is -3 (base 7) in base 16?
-3
-122 (base 4) to base 9
-28
What is -13 (base 4) in base 7?
-10
-26 (base 14) to base 15
-24
What is f8 (base 16) in base 14?
13a
What is a7 (base 16) in base 6?
435
Convert -2d (base 16) to base 9.
-50
-1 (base 14) to base 3
-1
Convert 24 (base 6) to base 14.
12
What is 2 (base 7) in base 13?
2
What is -220 (base 4) in base 7?
-55
Convert -2 (base 6) to base 8.
-2
Convert -9 (base 11) to base 6.
-13
Convert -19 (base 15) to base 5.
-44
-430 (base 5) to base 3
-11021
What is -10200 (base 4) in base 3?
-101200
What is -100 (base 2) in base 5?
-4
What is -30 (base 9) in base 4?
-123
What is 2 (base 11) in base 9?
2
What is 3 (base 13) in base 7?
3
Convert 1 (base 5) to base 6.
1
-1 (base 8) to base 16
-1
131 (base 15) to base 16
10f
Convert 1112 (base 4) to base 13.
68
-5 (base 6) to base 8
-5
Convert -e (base 16) to base 12.
-12
-b (base 13) to base 7
-14
-2 (base 3) to base 8
-2
Convert -424 (base 5) to base 9.
-136
Convert -a (base 13) to base 6.
-14
What is -6b (base 15) in base 8?
-145
Convert -1 (base 5) to base 6.
-1
What is 145 (base 15) in base 14?
16a
Convert -64 (base 13) to base 11.
-75
-101 (base 2) to base 3
-12
Convert 93 (base 14) to base 7.
243
Convert -38 (base 12) to base 10.
-44
Convert 310 (base 4) to base 2.
110100
213 (base 10) to base 12
